hat are the prime factors of a(h)?
2, 23
Suppose -4*n + 3*w + 56591 = 0, 32*n - 28*n - 5*w = 56593. What are the prime factors of n?
7, 43, 47
Let m = 274 - 151. What are the prime factors of 2*m*(2 - (-7)/(-14))?
3, 41
Let g = -34 - -37. Let o = -329 - -527. Suppose u - g*u = -o. List the prime factors of u.
3, 11
What are the prime factors of -71456*(12*(-2)/84)/(4/7)?
2, 7, 11, 29
What are the prime factors of -14*(-16)/224 + (0 - -16943)?
2, 3, 353
Suppose 0 = -p - v + 10, 3*v - 10 = -3*p + 4*v. Suppose -2*i - 4*z + 1072 = 0, p*z - 1093 = -2*i + 8*z. What are the prime factors of i?
2, 271
Let a(h) = 56*h**2 + 43*h - 119. Let d(x) = 31*x**2 + 22*x - 59. Let t(l) = 3*a(l) - 5*d(l). List the prime factors of t(-13).
2, 59
Let s = 84 - 40. Suppose -3*o + s = 23. Suppose -o*r + 2*r + 4*q + 309 = 0, -118 = -2*r + 3*q. What are the prime factors of r?
5, 13
Let g be 1 - 21/15 - 8/(-20). Suppose g = v + 5*v - 42. Suppose -l + 5 = -v. List the prime factors of l.
2, 3
Let n be (-8698)/8 - 6/(-24). Let m = -240 - n. What are the prime factors of m?
7, 11
Let j(m) = -24*m**3 - 8*m**2 + 32*m + 92. List the prime factors of j(-6).
2, 11, 109
Suppose 1126 = 7*w + 426. Let v be -162*w/(-14)*35/15. Suppose 4*a - 16*a = -v. What are the prime factors of a?
3, 5
Suppose 0*y + 18 = 2*y. Suppose y*r + 180 = 10*r. Suppose 5*t = 7*t - r. List the prime factors of t.
2, 3, 5
Let f be (42/(-35))/(-1 + (-39)/(-30)). What are the prime factors of 1505/21 - f/(-6)?
71
Let r = 259 - 3802. What are the prime factors of (-4)/(16/r) - (-43)/172?
2, 443
Suppose -3520*l = -3507*l - 111956. What are the prime factors of l?
2, 2153
Let t = 1215 - 204. Let x = -140 + t. List the prime factors of x.
13, 67
Suppose j = 4*h + 3*j - 160, 2*h - 5*j - 56 = 0. Suppose h*v - 6058 = 25*v. List the prime factors of v.
2, 233
Let c be 5/(-20) - (-57)/(-12). Let n = 31 + c. List the prime factors of n.
2, 13
Let k = 39015 + -24777. What are the prime factors of k?
2, 3, 7, 113
Suppose 8*p - 31*p = -130141 - 63588. What are the prime factors of p?
8423
Let b = 375 + -354. Suppose -b*y + 7698 = -19287. List the prime factors of y.
5, 257
Let t be (96/(-8))/4 + 994. Suppose -l + 1000 = -2*w, l = 3*w + 2*w + t. What are the prime factors of l?
2, 503
Suppose -9*s + 4*q + 20645 = -446811, 3*s + 4*q - 155776 = 0. What are the prime factors of s?
2, 3, 541
Let v(k) = 380*k**2 + 44*k - 954. List the prime factors of v(14).
2, 3, 1373
Let a = 39516 + -24961. List the prime factors of a.
5, 41, 71
Let t = -16 - -22. Suppose 0 = -u + 4*h + t, u - 6 = 5*h - 0. Suppose -4*v + 29 = 3*d, -4*v + u*v + 3*d = 7. List the prime factors of v.
11
Let a = -1253 - -755. Let y = -52 - a. What are the prime factors of y?
2, 223
Let u(f) = 2*f**2 + 3 + f - 5*f + 2*f + 12*f. Let a be u(-5). Suppose 50 = 5*b - a*b + 3*v, -5*v = 0. List the prime factors of b.
5
Let u(y) = -y**3 - 88*y**2 + 217*y + 294. What are the prime factors of u(-91)?
2, 5, 7, 11
Suppose 0 = g + 3*d - 74632, -49*d - 373280 = -5*g - 44*d. What are the prime factors of g?
2, 5, 1493
Suppose -21*r - 253442 = 51*r - 86*r. What are the prime factors of r?
43, 421
Let h be ((-497)/14)/(-5 + 44/8). Let z = h + 383. List the prime factors of z.
2, 3, 13
Let s be -1 + (3 - 1) + 0. Suppose -4*n + 17 + s = -2*f, 3*f + 24 = 5*n. Suppose -n*v = 3*v - 792. List the prime factors of v.
2, 3, 11
Suppose 76*r - 36080 - 687588 = 138400. List the prime factors of r.
3, 19, 199
Let h = 101 + -96. Let n be 2 + (15/h - 5). Suppose -111 = -2*m - 5*l, l = 2*m - n*l - 129. List the prime factors of m.
3, 7
Suppose 13 - 13 = 4*q. Suppose a + 5*r = 57, -2*a + 4*a + 4*r - 144 = q. Let p = a - 45. List the prime factors of p.
37
Let v = 32 - 33. Let n = -171 - v. List the prime factors of n*(24/(-10))/6.
2, 17
Let j be 33/(-9)*-9*-1. Let w = j + 35. Suppose 80 = -w*o + 4*o. List the prime factors of o.
2, 5
Suppose 0 = n - 3*f - 2013, -4*n + 5*f - 2*f + 8016 = 0. List the prime factors of n/(-12)*(-6 + 2) + 5.
2, 3, 7
Let a(g) = 25*g**2 + 97*g + 604. List the prime factors of a(-33).
2, 47, 131
Let k(m) = -2*m**3 - 3*m**2 + 11*m - 6. Let v(h) = h**3 - h. Let b(i) = k(i) + v(i). Let z(d) = -21*d - 90. Let g be z(-4). List the prime factors of b(g).
2, 3, 7
Suppose 2*j + 4*z - 39 - 5 = 0, 0 = -2*z + 2. Suppose 1942 = 2*o - 2*f, 5*f = 9*f - j. What are the prime factors of o?
2, 61
Let i(m) = -5808*m + 16 - 2*m**3 + 5809*m - 52 - 6*m**2. List the prime factors of i(-9).
3, 103
Let k = -31735 - -66156. List the prime factors of k.
34421
Let u(v) = -14*v + 6. Let f be u(20). Let h = f + 410. List the prime factors of h.
2, 17
Let b be (66/8)/(19/76). Let c = b + -31. What are the prime factors of 4114/51 + c/(-3)?
2, 5
Suppose 2*m = -12 + 22. Suppose 2*o - 61 = -2*f + 5, -m*f + 3*o + 205 = 0. Suppose -5*z - 4*b = -365, -z + 5*b = -6 - f. List the prime factors of z.
3, 23
Let g(i) = 4*i**3 + 165*i**2 + 187*i - 2. What are the prime factors of g(-18)?
2, 6691
Let p = 126 - 136. What are the prime factors of 1 + p/(20/(-366))?
2, 23
Let u(v) = -4*v**3 - 4*v**2 - 6*v - 6. Let q be u(-2). What are the prime factors of 4/5*12155/q?
2, 13, 17
What are the prime factors of (-6 + 513490/(-10))/(-1)?
5, 10271
Let n be (5 - (-6)/(-2))/(-2). What are the prime factors of (11/(-22))/(n/442)?
13, 17
Let f = 699 + -619. Suppose -11710 = -f*a + 70*a. What are the prime factors of a?
1171
Let b(t) = -t - 5. Let j(y) = 5*y + 17. Let f be j(-5). Let a be b(f). What are the prime factors of (-23)/(50/(-15) + a)?
3, 23
Suppose 0 = 38*l - 33*l - 30. Let p(k) = k**3 - 8*k**2 + 18*k - 15. What are the prime factors of p(l)?
3, 7
Let d = -9 + 11. Suppose -7*z + d*z + 5 = 2*g, -g + 5*z = -25. Suppose 4*b - 18 = 4*j + g, 4*b = -5*j + 28. What are the prime factors of b?
7
List the prime factors of 474*((-3)/27 + 805/90).
53, 79
Let o = -9 - -1339. Suppose -14*u - o = -7714. What are the prime factors of u?
2, 3, 19
Let s(j) = 503*j + 4. Let r(a) = -1004*a - 10. Let u(y) = 6*r(y) + 13*s(y). What are the prime factors of u(1)?
3, 13
List the prime factors of -246*(2/(-1))/(198/13893).
2, 41, 421
What are the prime factors of (302 - -6)/(((-8)/42)/(10/(-15)))?
2, 7, 11
Let t(n) = -n + 22. Let f be t(18). Suppose 4*s + 5*o - o - 348 = 0, f*s + o = 357. Let c = 4 + s. What are the prime factors of c?
2, 47
Let m = 130391 - 59208. List the prime factors of m.
7, 10169
Let u(v) = v**3 - 10*v**2 + 10*v - 15. Let s be u(8). Let a = -19 - -118. Let f = s + a. What are the prime factors of f?
2, 3
Let v be 1/((-32)/368*(-2)/4). Let d = 10 + -17. Let n = d + v. List the prime factors of n.
2
Let v be -3 + 2 + 2 - 5. Let z(j) = 253*j**3 + 2 - 255*j**3 - 3*j**2 - 7 + j. What are the prime factors of z(v)?
71
Let u(q) = -q**3 + q. Let h(a) = -7*a**3 + 36*a**2 + 4*a - 19. Let b(i) = -h(i) + 6*u(i). What are the prime factors of b(36)?
7, 13
Suppose 0 = -3*n - 2*d + 3838 - 37632, -11263 = n - d. What are the prime factors of n/96*39/(-4)?
2, 11, 13
Let p(a) be the first derivative of 2*a**3/3 - 23*a**2/2 + 29*a - 7. Let r be (-10 - (-272)/28) + 242/14. What are the prime factors of p(r)?
2, 3
Let h be (-24 - -32)/(2 - 0). Suppose h*n - 205 - 859 = 0. What are the prime factors of n?
2, 7, 19
Suppose k - 14 = -9. Suppose 5*h - 3 - k = 4*v, 4*h = -3*v + 25. Suppose 8 = 2*p - h*r, -p + 5*p - 24 = 4*r. What are the prime factors of p?
2
Let h = -9164 - -38731. What are the prime factors of h?
29567
Let t be 3*(-2 + 64/12). Suppose t*d - 464 = 12*d. Let w = -101 - d. What are the prime factors of w?
131
Suppose -16*i - 9*i = -23100. Let p = i + -799. What are the prime factors of p?
5
Suppose i - 19 = -a - 4*i, 4*i + 66 = 5*a. Suppose 14 = 2*r + 4*b - 634, 3*r = -2*b + 972. Suppose -a*y + 11*y + r = 0. List the prime factors of y.
2, 3
Let p = 4875 - 4243. What are the prime factors of p?
2, 79
Suppose -11*y + 6 = -5. Let k be 1 - (y - 4 - -1). What are the prime factors of -1 + 5 - (-8 + k)?
3
Let r(l) = -41*l**3 + 9*l**2 + 48*l + 17. List the prime factors of r(-6).
59, 151
Let h(x) = 7075*x - 206. What are the prime factors of h(3)?
21019
Suppose 1204*h = 1202*h + 5*s + 33470, 4*s = -24. What are the prime factors of h?
2, 5, 11, 19
Suppose -164*t + 165*t + 1 = 0. List the prime factors of -2*t*1 - (-100 - 176).
2